 when 1403920556 is divided by 588?
584
What is the remainder when 1021031 is divided by 1020884?
147
What is the remainder when 7750425 is divided by 34?
23
What is the remainder when 30694225 is divided by 6138841?
20
What is the remainder when 79539 is divided by 425?
64
Calculate the remainder when 1028380 is divided by 202.
200
What is the remainder when 6656 is divided by 650?
156
What is the remainder when 2239304 is divided by 48?
8
Calculate the remainder when 5995 is divided by 2113.
1769
What is the remainder when 694277 is divided by 10519?
23
What is the remainder when 15947247 is divided by 12?
3
What is the remainder when 48685 is divided by 129?
52
What is the remainder when 234916 is divided by 718?
130
Calculate the remainder when 3466 is divided by 479.
113
Calculate the remainder when 165372 is divided by 654.
564
What is the remainder when 6036 is divided by 480?
276
What is the remainder when 297981 is divided by 3931?
3156
Calculate the remainder when 85599855 is divided by 31.
20
Calculate the remainder when 339272 is divided by 6289.
5955
What is the remainder when 38681 is divided by 12760?
401
What is the remainder when 16242 is divided by 2212?
758
What is the remainder when 55011758 is divided by 40?
38
What is the remainder when 201423 is divided by 11544?
5175
Calculate the remainder when 339647 is divided by 26114.
165
Calculate the remainder when 2687085 is divided by 2279.
144
Calculate the remainder when 43099741 is divided by 139.
11
Calculate the remainder when 38030561 is divided by 52.
49
Calculate the remainder when 25672535 is divided by 62.
9
What is the remainder when 6899930 is divided by 492852?
2
Calculate the remainder when 168506 is divided by 12865.
1261
Calculate the remainder when 12331967 is divided by 10.
7
What is the remainder when 265662 is divided by 46?
12
Calculate the remainder when 10073321 is divided by 104.
89
What is the remainder when 296979442 is divided by 9233?
9230
What is the remainder when 2605251 is divided by 1959?
1740
What is the remainder when 511848 is divided by 170579?
111
What is the remainder when 26887829 is divided by 320093?
17
What is the remainder when 2952623 is divided by 3121?
157
Calculate the remainder when 91418 is divided by 30186.
860
Calculate the remainder when 5445586 is divided by 5445569.
17
Calculate the remainder when 100175 is divided by 3200.
975
What is the remainder when 179647 is divided by 5591?
735
What is the remainder when 48908 is divided by 4069?
80
Calculate the remainder when 151702 is divided by 23215.
12412
Calculate the remainder when 442748 is divided by 1622.
1564
Calculate the remainder when 26311204 is divided by 164445.
4
What is the remainder when 1818572 is divided by 306?
14
What is the remainder when 67404 is divided by 1333?
754
What is the remainder when 290858092 is divided by 27?
25
Calculate the remainder when 4630731 is divided by 11635.
1
Calculate the remainder when 128191 is divided by 1000.
191
Calculate the remainder when 168123 is divided by 33600.
123
What is the remainder when 1928705 is divided by 13?
12
Calculate the remainder when 38679454 is divided by 24.
22
What is the remainder when 25247269 is divided by 177?
166
What is the remainder when 17396826 is divided by 1904?
1882
What is the remainder when 15473973 is divided by 28?
25
What is the remainder when 57849776 is divided by 352?
336
Calculate the remainder when 6194925 is divided by 61.
9
Calculate the remainder when 1678496 is divided by 3375.
1121
Calculate the remainder when 266990 is divided by 44483.
92
What is the remainder when 90588357 is divided by 1813?
1812
What is the remainder when 931113 is divided by 104?
1
What is the remainder when 49202186 is divided by 43?
38
What is the remainder when 33285 is divided by 14857?
3571
Calculate the remainder when 202393 is divided by 2520.
793
Calculate the remainder when 3051100 is divided by 70.
10
What is the remainder when 46112 is divided by 52?
40
Calculate the remainder when 23260 is divided by 7887.
7486
Calculate the remainder when 16083870 is divided by 67.
51
What is the remainder when 272923 is divided by 13646?
3
Calculate the remainder when 2962699 is divided by 10076.
355
What is the remainder when 326285 is divided by 2503?
895
What is the remainder when 343933 is divided by 44?
29
Calculate the remainder when 2096908 is divided by 262081.
260
Calculate the remainder when 1275360 is divided by 34.
20
What is the remainder when 21188719 is divided by 150?
19
Calculate the remainder when 1065825 is divided by 1311.
1293
What is the remainder when 927990 is divided by 115?
55
Calculate the remainder when 11791957 is divided by 471677.
32
Calculate the remainder when 77329 is divided by 75758.
1571
Calculate the remainder when 51083168 is divided by 423.
419
Calculate the remainder when 15565 is divided by 1541.
155
What is the remainder when 285895 is divided by 95274?
73
What is the remainder when 12735112 is divided by 11270?
12
Calculate the remainder when 15171803 is divided by 1167061.
10
What is the remainder when 2785366 is divided by 390?
376
What is the remainder when 6243 is divided by 81?
6
What is the remainder when 68361 is divided by 802?
191
What is the remainder when 272905197 is divided by 135?
132
What is the remainder when 22141 is divided by 1609?
1224
What is the remainder when 18472 is divided by 9044?
384
Calculate the remainder when 64490371 is divided by 155.
141
What is the remainder when 9446972 is divided by 1126?
958
Calculate the remainder when 4095330 is divided by 73130.
50
Calculate the remainder when 806529 is divided by 268837.
18
Calculate the remainder when 3002042 is divided by 2.
0
What is the remainder when 4614465 is divided by 12?
9
What is the remainder when 22024418 is divided by 382?
208
What is the remainder when 106128285 is divided by 335849?
1
What is the remainder when 274889 is divided by 1026?
947
What is the remainder when 937980 is divided by 84?
36
Calculate the remainder when 6173585 is divided by 743.
741
What is the remainder when 2807488 is divided by 1060?
608
What is the remainder when 3139336 is divided by 1584?
1432
Calculate the remainder when 761608 is divided by 9764.
16
Calculate the remainder when 36206888 is divided by 3019.
21
Calculate the remainder when 5434433 is divided by 1790.
1783
Calculate the remainder when 68341 is divided by 4588.
4109
What is the remainder when 4395111 is divided by 929?
12
Calculate the remainder when 101392723 is divided by 21.
19
Calculate the remainder when 444017 is divided by 221332.
1353
Calculate the remainder when 127812 is divided by 7461.
975
What is the remainder when 37125 is divided by 471?
387
What is the remainder when 24686213 is divided by 2150?
2063
Calculate the remainder when 5212841 is divided by 52.
49
What is the remainder when 6434373 is divided by 123?
120
Calculate the remainder when 1215968 is divided by 16210.
218
Calculate the remainder when 46274128 is divided by 5145.
5143
What is the remainder when 24968599 is divided by 2866?
7
Calculate the remainder when 39802 is divided by 504.
490
What is the remainder when 15796464 is divided by 375?
339
What is the remainder when 7134672 is divided by 792739?
21
What is the remainder when 50451898 is divided by 50?
48
Calculate the remainder when 55681923 is divided by 325.
323
What is the remainder when 50588842 is divided by 50588823?
19
Calculate the remainder when 15331654 is divided by 102211.
4
Calculate the remainder when 12174153 is divided by 8945.
8
What is the remainder when 81216 is divided by 20186?
472
Calculate the remainder when 299476 is divided by 74743.
504
Calculate the remainder when 9258520 is divided by 368.
8
Calculate the remainder when 44586897 is divided by 1160.
1137
Calculate the remainder when 2153879 is divided by 1250.
129
What is the remainder when 332844522 is divided by 1755?
1752
What is the remainder when 94471 is divided by 3937?
3920
What is the remainder when 266889 is divided by 575?
89
Calculate the remainder when 2046 is divided by 223.
39
Calculate the remainder when 25694 is divided by 214.
14
Calculate the remainder when 10949473 is divided by 208.
145
What is 